 6*i**2 - 3*i - 5. Determine n(5).
5
Let k(s) = -s**3 + 17*s**2 - 2*s + 7. Determine k(17).
-27
Let q(v) = -v**3 - 7*v**2 - 7*v + 2. What is q(-7)?
51
Let p(d) = -d**2 + 17*d - 27. What is p(15)?
3
Let g(c) = -25*c - 2. Determine g(1).
-27
Let d(z) = z**2 - 12*z - 4. Calculate d(7).
-39
Let n(k) = 2*k**2 + 20*k + 66. Give n(-6).
18
Let y(n) = n**2 + 26*n + 141. What is y(-8)?
-3
Let r(a) = -a**2 - 11*a + 26. Give r(-11).
26
Let s(i) = -2*i - 11. What is s(-12)?
13
Let s(u) = 2*u**2 + 4*u - 1. Calculate s(-4).
15
Let k(r) = r**3 - 10*r**2 - 19*r + 11. Determine k(10).
-179
Let f(x) = -4*x - 43. Determine f(-7).
-15
Let n(q) = -q**3 + 15*q**2 + 13*q + 21. Give n(16).
-27
Let m(s) = 2*s**2 - 37*s - 5. Give m(18).
-23
Let j(u) = -u**2 + u + 14. Give j(5).
-6
Let k(j) = -j**2 + 6*j + 23. Give k(9).
-4
Let g(k) = 2*k**2 - 8*k + 11. What is g(3)?
5
Let w(q) = -q**3 - 21*q**2 - 21*q + 28. What is w(-20)?
48
Let j(q) = -15*q - 1. What is j(-1)?
14
Let h(g) = -g**2 + 24*g - 11. Calculate h(20).
69
Let s(h) = 5*h**3 - h**2 + 5*h + 8. What is s(-3)?
-151
Let p(u) = 3*u**2 + 26*u + 75. Give p(-3).
24
Let u(v) = v + 4. Determine u(13).
17
Let f(b) = -b**3 - 3*b**2 + 2*b + 2. Calculate f(-4).
10
Let l(p) = -p**3 + 5*p**2 + 2*p - 19. Determine l(4).
5
Let r(t) = t**3 + 12*t**2 + 12*t + 11. Determine r(-11).
0
Let s(o) = 13*o. Give s(1).
13
Let j(v) = 22*v - 121. What is j(5)?
-11
Let g(i) = i**3 + 6*i**2 + 3. Calculate g(-7).
-46
Let d(f) = 3*f**2 - 12*f + 4. Calculate d(6).
40
Let a(r) = r**2 - 16*r + 49. What is a(11)?
-6
Let i(u) = u**3 + u**2 + 3*u + 4. Determine i(0).
4
Let q(j) = -27*j**3 + j**2 - j - 1. Determine q(-1).
28
Let l(n) = -4*n - 82. What is l(-20)?
-2
Let n(r) = -r**3 - 5*r**2 - 8*r - 9. What is n(-7)?
145
Let h(m) = -m**2 + 8*m + 18. Calculate h(10).
-2
Let b(f) = -f**3 - 12*f**2 + 13*f + 13. Determine b(-13).
13
Let z(q) = -q**3 + 15*q**2 + 2*q - 26. Give z(15).
4
Let a(g) = -8*g - 10. Determine a(-2).
6
Let p(o) = o**3 + 6*o**2 + 11*o + 6. What is p(-4)?
-6
Let i(b) = -b**2 - 31*b - 32. What is i(-1)?
-2
Let a(t) = 2*t**2 + 10*t + 5. What is a(-5)?
5
Let k(j) = -j**2 - 7*j - 1. Determine k(-7).
-1
Let x(q) = -q**2 + 7*q - 5. Determine x(7).
-5
Let f(a) = a**2 - 11*a + 5. Calculate f(12).
17
Let f(t) = 14*t**2 + 2*t - 2. What is f(1)?
14
Let w(f) = -f**3 + f + 2. Calculate w(2).
-4
Let l(j) = -j**2 - 13*j + 8. Determine l(-14).
-6
Let z(p) = -4*p + 47. Determine z(12).
-1
Let j(x) = x + 9. Determine j(-14).
-5
Let k(o) = 3*o**2 - 12*o + 14. Determine k(7).
77
Let n(k) = -k**3 + 24*k**2 - 25*k + 40. Give n(23).
-6
Let i(c) = 8*c - 49. Calculate i(2).
-33
Let n(f) = f + 14. Determine n(-19).
-5
Let c(z) = z**3 + 2*z**2 - 6*z - 9. What is c(-3)?
0
Let w(s) = -s**3 - 13*s**2 - 9*s - 7. What is w(-13)?
110
Let m(g) = g**2 - g + 4. What is m(3)?
10
Let z(r) = -r**3 - 12*r**2 + 10*r - 1. Calculate z(-13).
38
Let c(x) = 3*x + 5. Determine c(-1).
2
Let s(m) = -m - 13. Calculate s(-11).
-2
Let b(i) = i**3 - 6*i**2 + 3*i + 4. Determine b(2).
-6
Let b(n) = n - 34. Give b(11).
-23
Let i(m) = -2*m - 19. Determine i(-6).
-7
Let o(k) = 53*k. Calculate o(1).
53
Let y(t) = t**2 + 14*t - 54. Calculate y(-16).
-22
Let r(f) = 8*f - 163. Calculate r(19).
-11
Let a(c) = 30*c + 1. Calculate a(-2).
-59
Let d(j) = 2*j**3 + 17*j**2 - 6*j - 10. What is d(-9)?
-37
Let n(g) = -2*g**3 - 3*g**2 - g + 9. What is n(0)?
9
Let f(g) = -3*g + 16. What is f(0)?
16
Let s(m) = -5*m**2 - 3*m + 4. Give s(-3).
-32
Let m(u) = -u**2 - 4*u + 7. Calculate m(-5).
2
Let z(r) = -r - 7. Determine z(-8).
1
Let b(y) = y**2 + 16*y - 44. Calculate b(-18).
-8
Let n(h) = -11*h - 226. Determine n(-20).
-6
Let w(g) = -10*g**3 + 2*g**2 - 3*g + 4. Give w(2).
-74
Let m(f) = f**2 - 10*f + 16. Give m(5).
-9
Let k(v) = -2*v - 36. What is k(-20)?
4
Let w(z) = -z**2 - 14*z + 9. Give w(-14).
9
Let n(w) = -w**3 - 3*w**2 - 4*w + 1. What is n(-3)?
13
Let n(h) = 14*h - 14. Give n(2).
14
Let y(a) = -a**3 + 6*a**2 - 5*a - 7. Determine y(4).
5
Let t(d) = -d**2 + 16*d + 24. Determine t(17).
7
Let a(b) = b**3 + 4*b**2 - 7*b + 3. Give a(-6).
-27
Let k(c) = c**3 + 16*c**2 - 39*c - 29. Calculate k(-18).
25
Let q(m) = m**3 - 15*m**2 - 20*m - 26. Give q(16).
-90
Let a(c) = 2*c**2 + 12*c. Calculate a(-5).
-10
Let c(q) = 2*q + 6. Give c(5).
16
Let h(x) = -x**3 - 4*x**2 - 3*x - 6. Calculate h(-4).
6
Let h(m) = m**2 + 13*m + 34. Determine h(-8).
-6
Let j(o) = o**3 - 22*o**2 + 3*o - 66. Calculate j(22).
0
Let v(n) = n**3 - 11*n**2 + 21*n - 12. Give v(9).
15
Let f(j) = j**2 + 11*j + 8. Calculate f(-7).
-20
Let c(n) = n**2 + 5*n + 1. Determine c(6).
67
Let p(j) = -2*j**2 + 3*j + 1. What is p(-2)?
-13
Let j(o) = o**3 - 2*o**2 - 2*o - 38. Calculate j(0).
-38
Let n(q) = q**3 + 3*q**2 - 12*q - 12. Determine n(-5).
-2
Let h(o) = 11*o - 39. Determine h(3).
-6
Let f(s) = -s**3 - 13*s**2 - 42*s + 13. Determine f(-7).
13
Let s(w) = -19*w - 2. Give s(-2).
36
Let o(x) = 2*x**3 + 135*x**2 - 68*x - 2. What is o(-68)?
-2
Let y(t) = -t**2 + 8*t - 12. Determine y(6).
0
Let q(j) = 2*j - 13. What is q(9)?
5
Let a(f) = f**2 + 17*f - 23. Calculate a(-18).
-5
Let o(y) = 10*y**2 + 2*y - 1. What is o(1)?
11
Let d(r) = r**3 - r**2 + 2*r + 58. Give d(0).
58
Let z(x) = -2*x**3 + 35*x**2 + 17*x + 14. Calculate z(18).
-4
Let k(u) = -u. Calculate k(-13).
13
Let h(v) = 3*v**3 - 21*v**2 + 29*v + 9. Determine h(5).
4
Let d(b) = -9*b - 65. Give d(-6).
-11
Let g(k) = k**3 + 7*k**2 + 16*k + 55. Determine g(-6).
-5
Let h(z) = z**3 - z + 2. What is h(-2)?
-4
Let x(h) = -h**3 + 33*h**2 + 67*h + 108. Determine x(35).
3
Let w(u) = u + 11. Determine w(12).
23
Let k(d) = d + 22. Calculate k(8).
30
Let g(m) = 5*m**2 + m - 1. What is g(-2)?
17
Let u(c) = -c**3 + 3*c**2 + 13*c + 11. Give u(6).
-19
Let l(g) = -2*g**2 - 2*g + 1. Calculate l(-1).
1
Let o(j) = -j + 5. What is o(9)?
-4
Let j(i) = -i - 2. Determine j(4).
-6
Let m(h) = h - 6. Calculate m(12).
6
Let t(z) = z**2 - 2*z - 5. What is t(6)?
19
Let y(d) = -3*d + 13. What is y(-12)?
49
Let m(q) = -q + 6. Give m(9).
-3
Let f(n) = n**3 - 41*n**2 + 33*n + 266. Calculate f(40).
-14
Let c(r) = r**2 - 14*r - 77. Calculate c(-5).
18
Let a(z) = z**2 + 9*z + 3. Calculate a(-6).
-15
Let r(w) = -w**3 + 8*w**2 + 10*w - 1. Determine r(8).
79
Let b(j) = -j**3 + 7*j**2 - 3*j - 12. What is b(6)?
6
Let u(x) = -x**2 - 23*x - 19. Give u(-22).
3
Let i(g) = g**3 + 3*g**2 - 11*g - 1. Determine i(-5).
4
Let w(y) = -3*y + 59. Calculate w(17).
8
Let m(c) = -4*c + 3. What is m(3)?
-9
Let k(c) = c**3 - 15*c**2 - 4*c + 69. Calculate k(15).
9
Let v(f) = -6*f**2 + 4*f - 6. What is v(1)?
-8
Let w(l) = -21*l + 76. What is w(6)?
-50
Let p(a) = -a**2 - 8*a + 55. What is p(4)?
7
Let u(d) = -d**2 + 12*d - 40. Calculate u(6).
-4
Let k(p) = p + 1. Calculate k(-1).
0
Let m(s) = 3*s - 2. Give m(-8).
-26
Let s(j) = -5*j**2 - j + 3. Determine s(-2).
-15
Let n(y) = 4*y + 9. Calculate n(-10).
-31
Let b(a) = a**3 - 9*a**2 + 7*a - 2. Determine b(8).
-10
Let w(k) = -8*k**2 + 543*k + 66. What is w(68)?
-2
Let v(p) = 5*p + 9. What is v(-6)?
-21
Let j(l) = -2*l + 12. Calculate j(3).
6
Let u(g) = -g**3 + g**2 - g. What is u(0)?
0
Let a(r) = 4*r - 46. What is a(4)?
-30
Let y(n) = 3*n - 11. Give y(3).
-2
Let j(z) = -7*z + 1. What is j(4)?
-27
Let d(f) = -39*f - 199. Give d(-5).
-4
Let x(p) = -p**3 - 18*p**2 + 3*p + 48. Calculate x(-18).
-6
Let z(p) = -p - 1. Give z(-2).
1
Let j(a) = a**2 + 16*a + 11. Determine j(-8).
-53
Let g(y) = -3*y - 45. Determine g(-13).
-6
Let w(u) = -u**3 - 3*u**2 + 2*u. Determine w(-2).
-8
Let z(a) = 36*a - 1366. What is z(38)?
2
Let h(n) = -n**3 - 6*n**2 + 8*n + 2. Calculate h(-7).
-5
Let i(k) = 3*k - 20. What is i(6)?
-2
Let t(i) = -i**3 + 10*i**2 - 13*i + 5. What is t(8)?
29
Let h(g) = g**3 + 18*g**2 + 17*g - 8. What is h(-17)?
-8
Let y(d) = -d**3 - 4*d**2 - 4*d - 8. What is y(-4)?
8
Let g(d) = d**2 + 13*d + 16. Determine g(-13).
16
Let y(t) = 2*t + 7. Determine y(-5).
-3
Let g(v) = 6*v**2. Calculate g(2).
24
Let b(o) = o**2 + 10*o + 6. Calculate b(-9).
-3
Let g(z) = z + 21. Calculate g(-13).
8
Let c(k) = -k + 23. What is c(14)?
9
Let h(g) = -g**2 + 6*g + 71. What is h(8)?
55
Let m(g) = -g**3 + 9*g**2 - 3*g + 7. What is m(9)?
-20
Let w(z) = z**3 - 10*z**2 + 17*z - 5. What is w(7)?
-33
Let c(s) = 17*s + 710. Determine c(-42).
-4
Let c(i) 